).
6
What is -3 + (10 - 19) + 29?
17
What is the value of -23 + 24 + (0 - 14)?
-13
-13 + -13 - (-104 + 70)
8
Calculate 0 - -26 - (-22 + 40).
8
(-2 - ((5 - 5) + -6 - -1)) + 1
4
What is the value of (15 - 1) + -12 + (6 - (1 + -5))?
12
What is the value of -16 + 8 + (3 - 3)?
-8
Calculate 14 + -35 + 32 - -7.
18
What is the value of ((-3 - (0 - 6)) + -13 - 3) + 3?
-10
Evaluate (-3 - -7) + -1 - (-20 - 9 - -46).
-14
Calculate -1 - (16 - (5 - (3 + 5 - 7))).
-13
What is -10 + (-8 - -11) + 16 + 3?
12
Evaluate (11 - 10) + -2 + -3 - -7.
3
-3 - (5 - ((1 - -9) + 2 - 36))
-32
What is 8 + ((22 - 19) + 1 + -2 - -3)?
13
1 + (4 - -9 - 17) + -8
-11
-6 - (-6 - 10 - -7) - 4
-1
Calculate 568 - 575 - (3 + 1).
-11
Evaluate 0 - (196 - 190 - (11 + 1 - 1)).
5
What is (3 - 6) + -1 + -6 + 34?
24
Calculate 117 + -109 + -1 + -17.
-10
(0 - -10) + (54 - 72)
-8
Evaluate (-20 + 21 - -26) + (5 - 7) + 11.
36
(1 - (-5 - (-6 - -3))) + 24 + 0
27
What is the value of -2 + 9 + -6 + (2 - (7 - -1))?
-5
-3 - (-2 - -6) - (5 + -5)
-7
1 + 2 + -5 + (12 - 11)
-1
Calculate 0 + 1 + -12 + 15 + 3 + -1.
6
What is 0 - -6 - (17 + -8)?
-3
What is (24 - (2 + 5)) + -5 + -7 + 1?
6
What is the value of -1 - (19 + -3 + -5) - (-5 - -17)?
-24
What is 5 + (5 - (0 + 2 + -4))?
12
Evaluate -9 - 2 - (-5 + -4 - -16) - -4.
-14
What is the value of -7 - (21 + (20 - 21))?
-27
-4 + 6 + (-10 - 1) - (112 + -118)
-3
Evaluate (-36 + 42 - (-26 + 8)) + (0 - 0).
24
4 + 45 + -2 + -25
22
5 - (9 - 0) - (5 - (0 - -5))
-4
(-6 - (9 - 16)) + (-2 - -11)
10
What is the value of (38 - 31 - (3 - -3 - 3)) + -16?
-12
Calculate -17 - (-11 - -3) - (-28 - -7).
12
Evaluate (-5 + 0 - (-6 + 1)) + (4 - 5).
-1
Evaluate -12 - (-34 - (-5 + -14)).
3
What is -1 + (0 - 0) - (-46 + 47)?
-2
Evaluate -12 - (0 + 36 + -27).
-21
Evaluate -24 + 22 - (1 - (11 + -4 + -4)).
0
What is -39 + (40 - 30) + 10?
-19
-75 + 44 + 15 + 4
-12
What is (1 + -9 - (-48 - -38)) + (-10 - 3)?
-11
Calculate (-5 - 0) + (2 - -3) - 9.
-9
Calculate 3 - -28 - (-14 + (30 - 2)).
17
What is the value of (-2 + 11 - 26) + (9 - 11 - 5)?
-24
Calculate 11 + 41 + -45 + (-2 - 0).
5
What is the value of (77 - 18) + -62 + 5 + (1 - 1)?
2
-5 + -2 + -4 - (34 - 45)
0
Evaluate 37 + 11 + -26 + -3.
19
44 - 32 - (12 + -4 - -7)
-3
Evaluate (1 - -5) + 3 - 9 - (0 + 6).
-6
What is the value of (-196 - -179) + (3 - (3 + 0 + -1))?
-16
Calculate (-28 - -26) + -6 + (3 - -37).
32
(-15 - (7 + 3)) + 3
-22
-4 - -13 - 13 - (6 + -1)
-9
What is the value of -4 - 9 - (-6 - -7)?
-14
(-31 + 23 - 3) + 11
0
What is -5 + (-9 + 21 - 28) + 14?
-7
8 - (5 - (-21 + 6))
-12
What is the value of 205 + -212 + 0 + -3 - -20?
10
Evaluate 6 - ((-7 - (6 + -23)) + -3).
-1
What is the value of 8 + 12 + -22 - 2?
-4
Calculate 2 - -18 - (1 - -2) - (-2 - -1).
18
What is -32 + -1 + 4 + 27 + (-41 - -17)?
-26
Evaluate 3 + (7 + 2 - (-9 - -10)).
11
(1 - (8 + -1)) + (-2 - 20 - -14)
-14
Evaluate -29 + (8 - 21 - -56).
14
Calculate 38 - (23 - (-26 - -29)).
18
Evaluate -8 - ((-10 - (7 - 12)) + (-2 - -3)).
-4
(61 - 57 - (1 - -11)) + 2
-6
Calculate 30 - 51 - -36 - (8 + 3).
4
Evaluate 13 + (12 - (-1 + 11)) - 11.
4
Calculate -5 - (23 + 17 + -19).
-26
Evaluate (29 - 1) + (0 - 34) + 28.
22
Calculate 5 - (-2 + -2 + 4 + -5 - 3).
13
16 - ((-8 - -3) + 6) - 3
12
What is the value of -20 + 10 - -25 - -7 - 7?
15
Evaluate (-2 - -7) + (-3 - -5).
7
What is the value of 16 - (-5 - ((28 + -9 - 10) + -11))?
19
Evaluate (11 - 2) + 29 - (6 + 4 - 2).
30
What is the value of (10 + -9 - -5 - 13) + 9?
2
Evaluate 7 - ((3 - -4) + -2 - 2).
4
What is (-16 - (-15 + -5) - (-3 + 1)) + -22?
-16
-9 - -2 - (3 - 14 - 1)
5
What is the value of 3 + (-26 + 21 - 12)?
-14
Calculate -3 + (-10 - -4) + -10.
-19
What is the value of 4 + (-1 - ((-2 - 0) + 2) - 9)?
-6
(-13 - -10) + -4 + -1
-8
What is -101 - -104 - (11 + -1 - 3 - -1)?
-5
Evaluate (6 - (-10 - 8)) + -9.
15
What is the value of 7 - (-2 - -3) - -4 - 1 - 6?
3
What is the value of -15 + -31 + 10 + 1 + 10?
-25
Evaluate 2 - (-4 - (3 - 16)).
-7
Evaluate (1 + 4 - 5) + -8 - -11.
3
What is the value of -1 - -4 - (108 + -101 - (0 + -7))?
-11
21 - (-8 + 12) - -1
18
What is -5 + -6 + 6 + (6 - (0 - -4))?
-3
2 - (138 + -137 + 1 + -2) - 9
-7
What is the value of (1 - 19) + 18 + 0 + -13?
-13
-4 + (-19 - -13 - -8)
-2
(7 + -7 - -10) + 2
12
Evaluate 14 - (13 + -16 - -2) - 17.
-2
What is the value of 7 + 2 + (-1 - -8) + -22?
-6
What is 2 + (16 + -16 - -13)?
15
What is the value of 1 + -7 + 3 - ((-13 - 3) + 4)?
9
Calculate -14 - (-38 + 26 + -17).
15
What is -44 + 57 - (4 - 0)?
9
-10 + -6 - (8 - (1 + 54))
31
What is (-4 - -2) + (-5 - (-3 + 2)) + 9?
3
What is 1 + (-15 - (7 + -10)) + -3?
-14
Calculate (1 - (43 + -52)) + -2 + -8 + 2.
2
Evaluate (14 - 30) + (21 - -3).
8
5 + (0 + -8 - (-2 + 6 - -2))
-9
Calculate -16 + (10 + (-6 - -10) - -27).
25
What is (11 - -14) + -16 + (-13 - 2) + -1?
-7
Evaluate 11 + (-3 + -2 + 4 - 0).
10
588 - 601 - (1 + -5 + 2)
-11
What is the value of 5 + -1 + 18 + -16 - -15?
21
What is -9 + (6 + (-4 - 3) + -7 - 6)?
-23
What is 14 + (5 - -2) - -9?
30
Calculate -5 - (7 - 2 - 11).
1
3 + -4 + (11 - (-1 - -4)) + -3
4
What is 0 - -18 - (19 - (19 - 7))?
11
-20 - (-43 - -12) - (-7 - 2)
20
23 - 82 - -64 - (-1 + (0 - 1))
7
Evaluate -7 - (0 + 2) - (-22 + (6 - -7)).
0
What is 3 + -4 + -6 + 1?
-6
-16 + -6 + 12 + (-68 - -73)
-5
What is the value of -3 + 0 + 20 - (37 + -30)?
10
Calculate (-7 - -14) + -11 + (-13 + 3 - -2).
-12
What is the value of -9 + 3 - -4 - (21 - (5 + -6))?
-24
What is 8 + -12 + 18 + -15 - (0 + -1)?
0
17 + (-22 - (-15 - -11))
-1
What is the value of 33 - (46 - (3 - -19))?
9
Calculate -15 + (0 - -9) + 21.
15
What is the value of 267 - 284 - (-3 + 0 + -2 + -2)?
-10
Evaluate (-16 - -29) + 5 + -14 - (0 - 0).
4
What is the value of (4 - (-3 + 7) - (5 + 1)) + -5?
-11
Calculate 3 + 2 + (-66 - -71).
10
What is the value of -6 + (-2 - (-30 - -11))?
11
Calculate -2 + (6 - 2) + 3 + 7 - -6.
18
(5 - (1 - -1)) + 132 + -135
0
What is the value of 5 - -13 - (1 - -29)?
-12
What is -9 - (-11 + 2 - -10 - 2)?
-8
What is the value of -7 + (22 - (17 + -14))?
12
Calculate 20 - (27 - 0) - (-2 - -1 - 18).
12
Calculate 28 - 1 - (11 - 18 - (-8 + -8)).
18
What is 3 + (5 - (29 - (1 - -1)))?
-19
What is 41 + -6 - (6 + (-3 - 4))?
36
-27 + (15 - (21 + (-13 - -5)))
-25
Calculate (19 - 15) + (-8 - 10) + 9.
-5
Calculate -35 - (-6 + -11 + 19 + -1).
-36
-8 - (6 + -24 - 11)
21
What is (-5 - 1 - 0) + (3 - 0) - 4?
-7
Evaluate 36 + (2 - (-10 - -29)).
19
What is the value of 8 - (4 + (0 - 8) + 1)?
11
What is (151 - 135) + 0 + 5?
21
What is the value of -6 + (-1 - -2) - (0 - -4 - 21)?
12
What is the value of (-19 - -12) + 0 + 17 - (0 - -5)?
5
Evaluate -43 - -5 - (6 + (-13 - 4)).
-27
What is -42 + 38 + (6 - 21)?
-19
Evaluate (1 - -2) + (27 - (8 - (-16 - -16))).
22
What is the value of -8 + 26 - (-7 + (-2 - -21))?
6
Calculate (96 - 99 - (0 - -1)) + 10.
6
-4 + 12 + (18 - 17)
9
-2 + (0 + -7 - -4)
-5
What is the value of -3 + 1 + -9 - (57 - 57)?
-11
Calculate 3 + (-3 - -3) + 7 + -7 - -6.
9
Evaluate 6 + (-2 - (12 + -24)).
16
Evaluate 34 + (4 + 21 - 43 - (-1 - 10)).
27
What is the value of -16 + (8 - (2 - 6 - -8))?
-12
Evaluate (1 - -18) + -2 + (120 - 128).
9
-6 + 2 + -3 + 2 + 16 + -9
2
Evaluate (63 - 3) + -42 - 51.
-33
Evaluate 0 + 5 + 7 + -6.
6
Calculate -12 - (8 + -8 + (7 - 5) + 1).
-15
-3 + 8 + (12 - 32)
-15
0 + -25 - (15 - 27)
-13
Evaluate 9 + (29 - 38) + (-1 - (4 - -14)).
-19
What is 4 + (4 - 6 - 6) - -5 - 1?
0
What is 17 - (-8 + 15 + -6 + -5 + 12)?
9
Calculate 2 - (0 + 11 + 6 + -4).
-11
What is 2 - (9 + 1 - 3)?
-5
What is 11 + -5 + 8 + -16 + -4 - -20?
14
Calculate -3 - (-1 - 15) - (-26 + 12).
27
Calculate -12 + 19 + -10 + (-4 - -3) - -26.
22
What is 8 + -8 + -2 - 1?
-3
What is -5 + (-1 - 4) + (6 - (-13 - -22))?
-13
Calculate -954 + 988 - (-2 - -14).
22
13 + -2 - (-12 + (36 - 23))
10
Evaluate (2 - 5) + (-29 - -14) + 7 + -1.
-12
What is (-16 + (2 - 3) - -6) + 0 + -1?
-12
Calculate -6 + 3 + (23 + -10 - 11).
-1
What is -25 + -9 + (-3 + 13 - 1)?
-25
Calculate -11 - (-11 + 5) - -11.
6
Evaluate (-11 - 1) + -22 + 79 + -24.
21
-2 + (6 - -2) + 2799 + -2790
15
Evaluate -8 + (-8 - -15 - (-5 + 17)).
-13
Calculate (-31 - -36) + (1 - 2) + (7 - 3).
8
Calculate -6 + -9 - (2 + -4 - (-3 - -8)).
-8
What is the value of 29 + -28 - (-11 - -10)?
2
-18 + -9 + 11 + -23 + (-1 - -8)
-32
What is th